ase 8
2272
-4636 (base 7) to base 5
-23233
What is 24c (base 15) in base 10?
522
Convert 101212100 (base 3) to base 13.
37b3
-e53 (base 15) to base 3
-11102120
2122211 (base 3) to base 9
2584
Convert 247 (base 13) to base 4.
12031
Convert 2366 (base 9) to base 8.
3341
What is -3624 (base 9) in base 4?
-222013
Convert -2505 (base 7) to base 10.
-936
222 (base 8) to base 16
92
What is 253 (base 10) in base 7?
511
Convert 103130 (base 5) to base 9.
4763
40a65 (base 12) to base 6
1451005
Convert 613a (base 12) to base 16.
293e
-91c (base 16) to base 10
-2332
-2b2 (base 15) to base 4
-21221
-52a (base 16) to base 11
-aa2
41389 (base 12) to base 4
110303121
Convert 124 (base 13) to base 12.
147
-766 (base 9) to base 12
-443
-173 (base 13) to base 15
-128
Convert -5144 (base 6) to base 16.
-478
Convert 1010110111 (base 2) to base 15.
315
What is 1c70 (base 15) in base 11?
4709
Convert 1100100100 (base 2) to base 14.
416
5d8 (base 15) to base 3
1211012
What is -1271 (base 12) in base 16?
-835
What is 1010121 (base 3) in base 11?
691
2e1 (base 16) to base 6
3225
-293 (base 11) to base 2
-101011000
Convert 1001200 (base 3) to base 14.
3d4
Convert 68b3 (base 13) to base 5.
432210
-11111010111 (base 2) to base 5
-31012
Convert -261302 (base 7) to base 4.
-23312000
Convert -57746 (base 8) to base 3.
-1020200021
Convert 323 (base 16) to base 4.
30203
What is -103113 (base 4) in base 15?
-579
Convert 24770 (base 12) to base 11.
34199
-13311 (base 5) to base 11
-8a3
What is 111300 (base 4) in base 13?
831
What is -970 (base 10) in base 6?
-4254
225144 (base 7) to base 13
153c3
What is -4210 (base 5) in base 3?
-202120
Convert -3350 (base 10) to base 16.
-d16
What is 1503 (base 6) in base 5?
3044
Convert 1111111111 (base 2) to base 8.
1777
Convert -4cc5 (base 13) to base 14.
-4001
7212 (base 13) to base 5
1000412
Convert -1001200 (base 3) to base 8.
-1406
10333 (base 7) to base 5
40242
What is 326 (base 10) in base 6?
1302
What is -11062 (base 8) in base 16?
-1232
What is 5045 (base 11) in base 8?
15060
What is -8 (base 9) in base 10?
-8
-113 (base 7) to base 14
-43
What is -303 (base 9) in base 7?
-501
What is -2012 (base 4) in base 6?
-342
-372 (base 15) to base 16
-30e
-21020 (base 4) to base 9
-718
-410502 (base 6) to base 5
-2020312
Convert -210311 (base 4) to base 15.
-a72
3677 (base 11) to base 15
1653
What is a243 (base 14) in base 7?
144213
What is -225 (base 10) in base 14?
-121
Convert 11323223 (base 4) to base 15.
72ee
31b (base 13) to base 15
256
Convert -14353 (base 10) to base 3.
-201200121
Convert -111110100 (base 2) to base 10.
-500
What is -284a (base 11) in base 5?
-104214
-11002 (base 4) to base 14
-190
-10611 (base 7) to base 14
-db1
Convert 151 (base 11) to base 2.
10110001
What is a6a (base 14) in base 15?
91e
-306 (base 10) to base 16
-132
-15531 (base 8) to base 13
-3257
What is -40 (base 14) in base 4?
-320
Convert -451404 (base 6) to base 11.
-26569
What is -9 (base 10) in base 12?
-9
What is -14839 (base 11) in base 3?
-1001202212
What is -2311133 (base 4) in base 7?
-45602
Convert -22000 (base 5) to base 13.
-8b5
What is 765 (base 9) in base 14?
32a
What is 1014533 (base 6) in base 4?
23331321
118 (base 11) to base 7
260
Convert 749 (base 14) to base 15.
65c
What is -41 (base 5) in base 13?
-18
Convert -243244 (base 6) to base 8.
-51754
What is 5 (base 15) in base 10?
5
-192 (base 13) to base 9
-350
Convert -205536 (base 7) to base 12.
-18729
32424 (base 5) to base 15
9e4
-1133031 (base 4) to base 16
-17cd
What is 7314 (base 12) in base 6?
134024
What is -1102021 (base 3) in base 4?
-100021
Convert -8 (base 14) to base 7.
-11
260 (base 9) to base 16
d8
Convert -11022000 (base 3) to base 4.
-300330
-68 (base 9) to base 3
-2022
f14 (base 16) to base 9
5258
Convert -30120 (base 6) to base 11.
-2a59
Convert 3263 (base 12) to base 2.
1010110101011
What is -5567 (base 12) in base 9?
-13847
-d92 (base 16) to base 3
-11202200
-3325 (base 7) to base 14
-615
-5433 (base 6) to base 2
-10011011101
-c374 (base 14) to base 12
-17556
Convert 2113 (base 7) to base 2.
1011101001
What is -383 (base 9) in base 5?
-2233
Convert -248 (base 12) to base 10.
-344
2220 (base 10) to base 5
32340
ec2 (base 16) to base 7
14005
What is -45b (base 15) in base 5?
-12421
Convert -465 (base 7) to base 5.
-1433
What is -2202200011 (base 3) in base 2?
-1101010010100100
Convert -222110 (base 3) to base 2.
-1011001010
What is -3021103 (base 5) in base 15?
-e488
Convert -f3d (base 16) to base 3.
-12100111
What is -1101 (base 4) in base 7?
-144
Convert 11111001 (base 2) to base 3.
100020
What is -40730 (base 8) in base 6?
-210012
Convert 1553 (base 10) to base 8.
3021
50ab (base 12) to base 14
32a7
5916 (base 10) to base 6
43220
What is 1494 (base 10) in base 15?
699
What is 20221 (base 3) in base 14?
d5
What is -2205 (base 7) in base 5?
-11124
Convert 132032 (base 4) to base 5.
30214
Convert -10101111101001 (base 2) to base 4.
-2233221
-11521 (base 9) to base 2
-1111000100010
What is 1575 (base 15) in base 12?
2802
What is 31032 (base 4) in base 13?
501
What is 110011111001 (base 2) in base 13?
1686
-75 (base 10) to base 14
-55
What is 25373 (base 8) in base 6?
122535
Convert -4303 (base 5) to base 15.
-288
Convert -10321 (base 8) to base 9.
-5813
Convert -20001122 (base 3) to base 10.
-4418
-18bb (base 16) to base 14
-2443
-123 (base 14) to base 15
-102
Convert -170 (base 15) to base 14.
-198
What is -22133 (base 5) in base 12?
-a87
What is -10011101000101000 (base 2) in base 15?
-18c69
Convert -13014 (base 6) to base 10.
-1954
Convert -1001111001100 (base 2) to base 6.
-35244
What is 45004 (base 9) in base 13?
107b6
-35236 (base 7) to base 10
-9043
Convert 438 (base 9) to base 6.
1355
What is -119 (base 10) in base 3?
-11102
What is -105304 (base 6) in base 12?
-5234
110101101001110 (base 2) to base 3
1101200102
2130 (base 11) to base 14
1052
6469 (base 10) to base 5
201334
Convert c05 (base 15) to base 4.
222101
-9338 (base 16) to base 11
-26352
What is 10641 (base 10) in base 4?
2212101
3065 (base 9) to base 14
b66
1012120122 (base 3) to base 4
11303012
What is -83c3 (base 16) in base 9?
-51238
What is 101 (base 16) in base 15?
122
What is 31230033 (base 4) in base 15?
11939
Convert -1a8 (base 15) to base 11.
-319
-1040 (base 7) to base 12
-26b
11983 (base 10) to base 2
10111011001111
Convert 89a (base 11) to base 7.
3066
What is 341 (base 7) in base 12?
128
What is 35512 (base 7) in base 12?
5384
What is 2075 (base 13) in base 10?
4490
What is 5807 (base 11) in base 13?
361c
46 (base 12) to base 9
60
What is 2d0 (base 16) in base 3?
222200
51321 (base 6) to base 8
15241
1024 (base 6) to base 10
232
What is -b41 (base 12) in base 11?
-1255
What is 9795 (base 10) in base 12?
5803
Convert -56b0 (base 12) to base 5.
-302021
Convert 3937 (base 12) to base 15.
1ded
What is -210021210 (base 3) in base 12?
-8b93
What is -1230 (base 4) in base 10?
-108
ca25 (base 14) to base 8
104151
6371 (base 10) to base 6
45255
What is -2030111 (base 4) in base 6?
-105325
What is 521 (base 9) in base 13?
268
What is -11110100110100 (base 2) in base 3?
-210111022
Convert 249 (base 10) to base 8.
371
1a2 (base 15) to base 7
1046
What is 8634 (base 12) in base 3?
202012111
Convert 287 (base 11) to base 3.
110111
-1110531 (base 6) to base 10
-55927
1c5 (base 14) to base 3
111200
What is -2110122 (base 3) in base 10?
-1799
1124232 (base 5) to base 15
6162
1000110110101 (base 2) to base 9
6186
Convert 1b18 (base 15) to base 11.
445a
124442 (base 5) to base 3
20212002
246 (base 7) to base 6
340
What is -1361 (base 13) in base 10?
-2783
Convert -23408 (base 12) to base 2.
-1011100010001000
Convert 1232 (base 7) to base 5.
3324
Convert e98 (base 15) to base 4.
303131
305352 (base 6) to base 4
11333210
Convert -1121200 (base 3) to base 4.
-102123
What is -1774 (base 9) in base 7?
-3655
Convert -2c7 (base 13) to base 6.
-2153
-2048 (base 11) to base 9
-3645
Convert -111010000 (base 2) to base 9.
-565
What is -1100111100 (base 2) in base 9?
-1120
-1735 (base 9) to base 3
-1211012
What is -614 (base 13) in base 8?
-2007
What is 101451 (base 6) in base 3?
102012111
What is 1010011111111010 (base 2) in base 4?
22133322
-412 (base 15) to base 16
-395
What is -10212001 (base 3) in base 10?
-2809
Wh